he prime factors of i.
2, 3, 11
Let p be ((-4)/(-5))/(10/2925). Let z = -96 + p. Suppose 5*b - z = 12. List the prime factors of b.
2, 3, 5
Suppose u - 3*m = 730, 0*u + 4*u + m = 2907. What are the prime factors of u?
727
Suppose -5*r = -u - 24329, 3*r + 5*u - 4*u = 14591. What are the prime factors of r?
5, 7, 139
Suppose 2*f - v = 9, -12 = 3*f - 8*f - v. Suppose -f = z - 9. Suppose d + 5*r - 48 = 0, -192 = -z*d + 2*d - 5*r. What are the prime factors of d?
2, 3
Let k(i) = 3*i**2 - 3*i - 5. Let u(f) = -f + 12. Let d be u(6). Suppose -b + 2*m = 0, 0 = -2*b - b + 3*m - d. List the prime factors of k(b).
5, 11
Suppose 6599 = -11*a + 21482. What are the prime factors of a?
3, 11, 41
Let o = -39 - -175. Suppose 22*h + o = 26*h. List the prime factors of h.
2, 17
Let x be (16/14)/(14/49). Suppose -7*w + 168 = -x*w. List the prime factors of w.
2, 7
Let b = 854 + -478. What are the prime factors of b?
2, 47
Let v(m) = -2*m - 2. Let a be v(-2). Let w be 92/(-9) + a/9. What are the prime factors of (-54)/w - 10/25?
5
Let h = 1370 + -905. List the prime factors of h.
3, 5, 31
Suppose -4*c + c = -48. Let k(p) = -p**2 + 8*p + 14. Let o be k(9). Suppose c = y - 3*z, 2*y + 60 = 7*y + o*z. What are the prime factors of y?
13
List the prime factors of (3/(-2))/(-3)*(-4 - -280).
2, 3, 23
Let o(j) = -j**2 - 22*j - 27. What are the prime factors of o(-13)?
2, 3, 5
Suppose 0 = -2*d - 5*z + 896 + 4244, 4*d - 10270 = -5*z. List the prime factors of d.
3, 5, 19
Let d be 1/(-4) + (-168)/(-32). Suppose 4*w = -3*h - w + 105, 2*w - 175 = -d*h. Let b = h + -17. What are the prime factors of b?
2, 3
Let f be ((-6)/5)/(27/90). Let g = -1 - f. Suppose 25 = 4*z - g. What are the prime factors of z?
7
Suppose 4*r + 54 = -26. Let a = r + 28. What are the prime factors of (4/a)/((-1)/(-122))?
61
Suppose t - 2*t - 2*w + 1069 = 0, 5*w = -5*t + 5350. List the prime factors of t.
3, 7, 17
Let p(c) = -c**2 - 5*c - 3. Let j be p(-5). Let k(b) = -b**3 - 3*b**2 + 4*b. Let d be k(j). What are the prime factors of (-3 + d/10)*-5?
3, 7
Let h = -31 - -34. Suppose -h*j - 66 = -492. List the prime factors of j.
2, 71
Let d(l) = -5*l + 36. Let y be d(-9). Let s = y - 66. List the prime factors of s.
3, 5
What are the prime factors of (386/6 - (-4)/(-3)) + 5?
2, 17
Let w = -8 + 25. Let u = 23 + w. What are the prime factors of u?
2, 5
Let l be (6/4 + -1)*4. Suppose h - 159 = -l*h. List the prime factors of h.
53
Suppose u + 2*u - 12 = -g, -u + 3*g - 6 = 0. Let h be 20/(u - -1) + 0. Suppose h*d + 5*x = 2*x + 55, -15 = -3*x. List the prime factors of d.
2
Let i(o) = o**3 - 4*o**2 - 9*o + 2. Suppose 12 = 8*u - 6*u. What are the prime factors of i(u)?
2, 5
Suppose -4*g - 6*d + 49 = -d, 0 = -g + 3*d - 9. Let p be ((-6)/18)/((-1)/g). Suppose -3*c - 94 = -4*q - c, -5*q + 117 = -p*c. What are the prime factors of q?
23
Suppose -6*l + 938 = 224. What are the prime factors of l?
7, 17
List the prime factors of (5245/(-20))/(2/(-40)).
5, 1049
Let b(k) = -4*k + 9. Suppose 0 = 2*x + 20 - 0. Let r be b(x). Suppose r - 124 = -3*j. What are the prime factors of j?
5
Suppose 0 = -2*v - v - 3*d + 489, 0 = -2*v + 4*d + 332. Suppose 4*a + 3*z - z = v, -5*z = -2*a + 82. List the prime factors of a.
41
Let f = -3247 + 6019. List the prime factors of f.
2, 3, 7, 11
Let q = 1080 + -80. List the prime factors of q.
2, 5
Suppose -4*t = g - 3*t - 308, 0 = -g + 3*t + 288. Suppose -g = -3*k + 99. What are the prime factors of k?
2, 67
Suppose 4*t - 406 = 2*o, -3*o = -5*o - 4*t - 430. List the prime factors of (-2044)/(-11) + (-38)/o.
2, 3, 31
Let b = -1 + 5. Let c(d) = -d**3 + 3*d**2 + 4*d. Let i be c(b). Suppose 146 = 3*v - g, 2*g + 2 + 2 = i. What are the prime factors of v?
2, 3
List the prime factors of 5 + (1150 - -12) + -5.
2, 7, 83
Let h be (6/6)/(2/10). Suppose -2*k + 30 + 82 = 3*b, 4*b - 140 = -h*k. List the prime factors of b.
2, 5
Suppose -1226 = -6*x + 3274. List the prime factors of x.
2, 3, 5
Let a(o) = -20*o + 7. Let p be a(-8). Suppose m = -q + 56, -4*m + m + p = 2*q. List the prime factors of m.
5, 11
Let l(d) = 14*d**2 + 9*d + 4. Let t be l(-6). Suppose -752 = -6*g + t. What are the prime factors of g?
3, 67
Suppose -36 = -f - 3*f. Suppose -5*d = -x - 18, -3*x + 7*x = -4*d. Let s = f + x. List the prime factors of s.
2, 3
Let a be (5/15)/(3/1251) + -1. Suppose 0*q + q = -3*c + 372, -c - 5*q = -a. What are the prime factors of c?
3, 41
Suppose 20*h - 99 = 741. Suppose 2*k - q + 1656 = 0, -2*k - 5*q + 3312 = -6*k. What are the prime factors of (-4)/(-14) - k/h?
2, 5
Let c be 54/3*(-26)/(-4). Suppose -5*j = 2*a - c, 2*a + 70 - 196 = 4*j. List the prime factors of a.
61
Let k(o) = -o + 16. Let i be k(5). List the prime factors of 2/(-11) + 211/i.
19
Let n be (3/2)/((-9)/(-30)). Suppose 0 = -0*o + n*o - 65. Suppose 14 = j - o. What are the prime factors of j?
3
Let n = 21 - 16. Suppose 3*w = -n*s - 22, 6*w + 35 = 2*w - s. Let i = 12 - w. What are the prime factors of i?
3, 7
Let u be (-48)/9*(-5 + -13). Suppose 5*x = 2*x + u. Suppose -x = 8*k - 9*k. What are the prime factors of k?
2
Suppose 0 = 5*a + 3*l - 18 + 3, -3*l - 3 = -a. Let b be a/5 + (-428)/(-20). Let n = b + -6. What are the prime factors of n?
2
Let f(w) = -w**2 - w. Let z be f(0). Let p = z - -2. Suppose 4*i = -5*d + 41, 0 = 5*i + d + p*d - 35. What are the prime factors of i?
2
Let b = 27 - 22. Suppose 0*d + b*p - 18 = -d, -3 = -p. What are the prime factors of (-1 + d)*(4 + -3)?
2
Let j(p) = 10*p**2 + 8*p + 1. Let y be j(6). Suppose 587 = 6*i - y. List the prime factors of i.
2, 83
Let d(k) = 200*k - 143. What are the prime factors of d(7)?
3, 419
Let c be (525/14)/(-15)*(-8)/(-5). Let r = 5 - 8. List the prime factors of ((-10)/c)/(r/(-24)).
2, 5
Let z(b) be the first derivative of b**5/20 - 7*b**4/12 - b**3 + 6*b + 3. Let s(p) be the first derivative of z(p). What are the prime factors of s(8)?
2
Let q = 25 - 20. Let k = q + -1. Suppose 3*o + 23 = k*o. What are the prime factors of o?
23
Let q(z) = -487*z + 364. List the prime factors of q(-5).
3, 311
Let j(h) = -h**2 + 9*h + 8. Let w be j(10). Let g = -6 + w. List the prime factors of g/12 - 38/(-3).
2, 3
Suppose 3*q + h - 1241 = 0, -h = -3*q + 1469 - 220. What are the prime factors of q?
5, 83
Suppose 11*k - 2173 = -171. What are the prime factors of k?
2, 7, 13
Suppose -5*b + 3*q = -0 - 24, b + q = 0. Suppose -4*g + 5*n = 31, -5*g - 14 = -b*g - 4*n. What are the prime factors of 3*(-69)/g - 2?
3, 7
Let q(n) = -n**2 - 24*n + 18. Let p be q(-24). Let d(t) = 10*t - 13. What are the prime factors of d(p)?
167
Let a = 92 + -79. Suppose a*d = 4*d + 1845. List the prime factors of d.
5, 41
Let g = 717 + -374. List the prime factors of g.
7
Suppose 8*l - 32 = 4*l. Suppose -l*i - 210 = -11*i. Let o = i - 42. What are the prime factors of o?
2, 7
Suppose -4*x - 1 = 4*g + 3, 2*g = -4*x. List the prime factors of (39 - x - 4)*2.
2, 17
Let x = 144 + -38. Let y = x + -51. What are the prime factors of y?
5, 11
Let w(p) = -2*p + 9. Let q(a) be the third derivative of a**4/24 - 5*a**3/6 + 10*a**2. Let g(z) = 11*q(z) + 6*w(z). List the prime factors of g(-4).
3
Let f = -51 + 168. Let z = f - 47. List the prime factors of z.
2, 5, 7
Let r(v) = v**3 - 4*v**2 - 2*v - 8. Let g be r(5). Let a = g - 1. Let p(c) = 3*c. List the prime factors of p(a).
2, 3
Let l(h) = 23*h**2 - 12*h + 9. List the prime factors of l(-4).
5, 17
Let j be (6/(-5))/((-2)/155). Suppose 4*n = n + j. List the prime factors of n.
31
Suppose 5*j + a + 79 = -24, 2*j = 5*a - 52. Let t = j - -23. What are the prime factors of -1*t*164/(-8)?
41
Suppose 5*l = 3*y - 15684, -4*y + 91*l - 90*l = -20912. List the prime factors of y.
2, 1307
Let x(g) = -g**3 - 3*g**2 + g + 21. List the prime factors of x(-4).
3, 11
Let q = -89 - -18. Suppose -3*x = 7*x + 1060. Let b = q - x. List the prime factors of b.
5, 7
Let h(n) = 2*n**2 - 4*n - 5. Let d be h(-5). Suppose -5*v + 2*s - 108 = 5*s, -2*s - d = 3*v. Let p = v + 45. What are the prime factors of p?
2, 3
Suppose 3*r = 15, -4*w - 4*r + 4910 = w. What are the prime factors of w?
2, 3, 163
Let a be 36/(-60) - 82/5. Let s = 53 + a. What are the prime factors of s?
2, 3
Suppose -2*t + 4*k + 18 = -0*t, 0 = t + 5*k + 12. Let a be 0 + t + (-69)/1. Let b = a - -99. What are the prime factors of b?
3, 11
L